3 + 5. Let s(x) = 1 + 2*x**3 - 2*x**3 + x**3 - 5*x**g - 3. Calculate s(5).
-2
Let u(n) = 4*n - n**2 + 0 + n**3 + 7*n**2 - 5 + 0*n**3. Suppose h + 4*h + 15 = -z, h = z + 3. What is u(z)?
0
Suppose 0 = 4*h - 1 - 15. Let y be 1/h - 7/(-4). Let n(b) = 0*b**2 - b + 0*b - 2*b**y - 1 + 3*b**2. What is n(2)?
1
Suppose -3*g + 0 + 3 = -3*l, l - 14 = -4*g. Let c(n) = -n**2 + g*n + 3 - n**2 + n**2. Calculate c(3).
3
Let o(s) = -s**3 - 3*s**2 - 4*s - 2. Let l(z) = -z + 2. Suppose 2*y - 15 = -y. Let r be l(y). Give o(r).
10
Let t(s) = -2*s**3 - s**2 + 2*s - 1. Suppose n + 4 = -5*j - 1, 4*n + 4*j + 4 = 0. Let h = 0 + n. Suppose -3 = -h*c - 3*c. Calculate t(c).
-2
Let y be (-9)/(-6)*(-10)/(-15). Let r(q) = -15*q - 1. Calculate r(y).
-16
Let m(c) be the third derivative of -c**6/120 + 7*c**5/60 - c**4/4 + c**3/2 - 5*c**2. Calculate m(6).
3
Let f(j) = 2*j**2 - 6*j + 1. Let k be ((-45)/30)/((-3)/10). What is f(k)?
21
Let k(a) be the second derivative of a**5/20 - a**4/4 - a**3/3 + 2*a**2 + 4*a. Give k(3).
-2
Let q = -166 - 86. Let j be 2/(-11) - q/(-66). Let a(t) be the first derivative of -t**3/3 - 2*t**2 - 4*t + 1. Determine a(j).
-4
Let q(v) = 2*v + 5. Let a be q(-5). Let t(z) be the first derivative of -z**4/4 - 5*z**3/3 - 3*z**2/2 - 7*z + 15. Give t(a).
8
Let b be 4/6 + 6/(-9). Let w(d) = -d**2 + 6*d + 2. Let x be w(6). Let a(z) = -x + 1 - z - 2. Give a(b).
-3
Let f = 25 + -27. Let y(q) = 2*q**2 + 0 + 2*q**3 - 4 + 3. Calculate y(f).
-9
Let r = -4 - -4. Let j(c) = 6*c + 6*c**2 - 5*c**2 + r*c + 3. Let i be j(-6). Let o(d) = d**3 - 2*d**2 - d + 4. Give o(i).
10
Let s = 18 - 12. Let b(i) = i**3 - 5*i**2 - 5*i + 2. Determine b(s).
8
Let x(u) = -2*u + 9. Let k be x(7). Let q(f) = 4 + f**3 - 4 + 6*f**2 + 5*f - 3. Determine q(k).
-3
Let j(k) = k**3 - 7*k**2 + 9*k - 6. Let g be 3/(-6)*-16 + -2. Give j(g).
12
Let i be (2 + -71)*1/(-3). Suppose -4*f = -s - 2*s - 32, 2*s = 3*f - i. Let j(x) = -x**3 - 4*x**2 - 4. Determine j(s).
-4
Let t be 370/45 + 2/(-9). Let h = t + -11. Let z(s) = -2*s**2 - 5*s - 3. What is z(h)?
-6
Let w(q) = q**3 - 3*q**2 - q - 3. Let j = -32 + 11. Let s be j*((-12)/9 + 1). Suppose -4*b + s + 9 = 0. Determine w(b).
9
Let l(j) = j**2 - 4*j - 3. Suppose 5*k = -4*t + 14, 4*t + 0 = 3*k - 2. Let q be (-78)/(-15) + k/(-10). Calculate l(q).
2
Suppose p + h = 6, 2*p + 4*h + 3 - 23 = 0. Let f(t) = -3*t**p + 2*t**3 - t**3 - 3*t - 1 + 5*t. Give f(2).
-1
Let c(j) = j**3 - 7*j**2 - 8*j + 5. Let y be c(8). Let l(p) = -p**2 + 3*p. Calculate l(y).
-10
Let t(n) be the first derivative of -3*n - 2 - n**2 - 1/3*n**3. What is t(-3)?
-6
Let d(j) = 14*j + j**2 - 12*j - 4 - 9*j. Determine d(7).
-4
Let u(k) be the first derivative of -k**3/6 + k**2/2 - k + 2. Let q(n) be the first derivative of u(n). Give q(4).
-3
Let a(u) = -10*u**2 - 9*u - 2. Let j(l) = -8*l**2 - 8*l - 1. Let p(r) = 5*a(r) - 6*j(r). Calculate p(4).
-24
Suppose 2*b + 10 = -0*b, -5*b = l + 20. Let d(u) = -u + 5*u - 1 - 4*u - u. Let k(y) = -4*y - 8. Let z(t) = l*d(t) - k(t). Determine z(3).
0
Let t(g) = -2*g - 7. Let h(p) = -2*p. Let s be h(-1). Let m(y) = -y - 2*y + 0 + 3 - y. Let o be m(s). Give t(o).
3
Let w(t) be the second derivative of -t**6/360 - t**5/30 - t**4/12 - 4*t**3/3 - t. Let k(y) be the second derivative of w(y). Calculate k(-3).
1
Let v(s) = s**3 - 9*s**2 - 4. Let n = -19 + 28. Calculate v(n).
-4
Let n be (-174)/(-45) - (-4)/30. Let o(c) = 0 + c + n + 1 + 7. Give o(-6).
6
Suppose 14 = -2*n - 5*c + 7, 5*n + 2*c = -28. Let x(b) be the second derivative of -3/2*b**2 + 0 - b - 1/6*b**3. Calculate x(n).
3
Let h(f) be the third derivative of 0*f**3 - 1/40*f**5 + 1/360*f**6 + 3*f**2 - 1/12*f**4 + 0*f + 0. Let l(d) be the second derivative of h(d). Give l(4).
5
Let x be (28/8)/(1/(-4)). Let u = -13 - x. Let i(r) = -7*r**3 + r. Calculate i(u).
-6
Let a be 8/(-6) - (-4)/(-6). Let k = -33 - -34. Let n(c) = 1 - 329*c + k + 330*c - 2*c**2. Determine n(a).
-8
Suppose 7 = -m - r + 14, 4*r = -5*m + 34. Let x = m + -3. Let j = x - 2. Let s(l) = -5*l**2. What is s(j)?
-5
Let p(o) = 3*o - 22. Let u be p(4). Let s(v) = v**2 + 11*v + 14. Calculate s(u).
4
Let q(f) = f - 2. Let m be q(1). Let b(r) = r - 1. Let u(c) = 3*c - 7. Let d(z) = m*u(z) + 2*b(z). Give d(3).
2
Suppose -4*w = 4*b - 4 - 8, -5*w + 7 = b. Let r(x) = x - 1. Let v(h) = -18*h + 12. Let d(o) = w*v(o) + 12*r(o). Determine d(-1).
6
Let s(v) be the second derivative of -v**5/20 + v**4/2 - v**3 - 2*v**2 - 8*v. Suppose -2*m + 4*k + 0 = 2, 4*m - 29 = -3*k. Give s(m).
-9
Suppose 10*o = 5*o. Let n(k) = -k**2 - 4. Give n(o).
-4
Let o(b) be the third derivative of -b**4/24 - b**3 + 3*b**2. Suppose 0*t - 1 = -t. Let j be -4 + 2/t - 3. Give o(j).
-1
Suppose 0 = 7*p - 6*p. Suppose 13 = -3*y - 4*a, -2*y - 4*a - 16 = 2*y. Let c = p - y. Let x(l) = 3*l - 4. What is x(c)?
5
Suppose -5*z + 181 = 4*l, z + 141 = 3*l + 3*z. Suppose 0 = 5*o - 16 - l. Suppose -3*s + y = -o - 0, s - 5*y + 5 = 0. Let j(g) = -g + 12. Calculate j(s).
7
Let y(b) = 2*b - 7. Let z(j) = -8*j + 32. Let n(x) = 9*y(x) + 2*z(x). Suppose -8 = -q - 5*w - 21, 3*q + 3 = -3*w. What is n(q)?
5
Let b(i) be the second derivative of i**3/2 + i**2 - 2*i. Let r(a) = 10*a - 53. Let c be r(5). Calculate b(c).
-7
Let t(z) = -2 + 7*z**2 - 1 - 6*z - z**3 + 0*z. Let y be t(6). Let h(x) = x**3 + 4*x**2 + 4*x + 1. Determine h(y).
-2
Let u(o) = -o + 2. Let h be 9*(2 + 2/(-6)). Let x be ((-18)/h)/(4/(-10)). Determine u(x).
-1
Suppose -x - 4*x - 30 = 0. Let y = 10 + x. Let i(s) = -3 + y*s**3 - 7*s**3 - 2*s**3 - 2*s - 2*s**2 + 4*s**3. Determine i(-2).
1
Let j(s) = 3*s**3 - 4131 - 4*s**3 - 8*s + 10*s**2 + 4125. Calculate j(9).
3
Let d(t) = t + 1. Let b(v) = -13*v**2 - 7*v - 6. Let n(w) = -b(w) - 6*d(w). Give n(1).
14
Let s(m) = -m**2 - 6*m - 6. Suppose -46 + 16 = 6*d. Calculate s(d).
-1
Let b(i) be the second derivative of 1/6*i**3 - i + 0*i**2 + 0. Let x(n) = n**3 + 12*n**2 + 11*n + 5. Let w be x(-11). Give b(w).
5
Let n(j) be the third derivative of 1/10*j**5 - 1/120*j**6 + 0*j - 5/24*j**4 + 3*j**2 - 1/2*j**3 + 0. Determine n(5).
-3
Let z(r) = r**2 + 3*r - 3. Let v(x) = -2*x**2 - 7*x + 7. Let f = 2 + 0. Let k(q) = f*v(q) + 5*z(q). Let d(j) be the first derivative of k(j). Give d(-3).
-5
Let i = -475/6 + 80. Let g(m) be the second derivative of 0 - 1/12*m**4 + m - 2*m**2 + i*m**3. Calculate g(5).
-4
Let a(q) = q**2 - 5*q + 3. Let p(z) = -z**2 + 4*z - 4. Let m(w) = 4*a(w) + 5*p(w). Let h = 5 - 2. Suppose 3*o - h*c = 0, -3*c = 2*o - 7*c. Calculate m(o).
-8
Let k(f) = 6*f - 2. Let q be k(1). Let h be -1 - (-8 - (-16)/q). Let s(o) = 3*o**2 - 4*o + 2. Determine s(h).
17
Suppose 6*t - 2*t + 12 = 5*h, -3*h + 2 = -5*t. Let r(j) be the first derivative of 1/4*j**4 + 3 - 3*j + 5/2*j**2 - t*j**3. Give r(5).
-3
Let y(n) be the first derivative of n**4/4 + n**3 + n**2 - n + 8. Give y(-3).
-7
Let x(s) = -4*s**3 - 1. Let c(y) = y**3 - y**2 - 4*y - 1. Let o be c(3). Suppose 0 = 3*t + o - 2. Let g be (-6)/9 + t/3. Determine x(g).
3
Let p(j) = j**2 + 6*j - 7. Let x be (-7 - 0)*-7*(-2)/14. Give p(x).
0
Let k(z) = -z**2 - 7*z - 3. Suppose -2 = -0*n - n. Let w(o) = -13*o + 1 + n - 9 - 2*o**2. Let h(p) = 7*k(p) - 4*w(p). What is h(-2)?
1
Let u(o) = -5*o - 1. Suppose 4*a + 21 = 5*h + 6, -3*h - 5*a = -9. Suppose -5 = -h*n - 2*n. Give u(n).
-6
Let m(g) = 127*g**3 - 64*g**3 + 0 + 1 - 64*g**3 - 2*g. Determine m(1).
-2
Let l(z) = -9950 + 0*z + 5*z + 9945. What is l(4)?
15
Let j(a) = -a**3 + 6*a**2 - 6*a + 2. Suppose -2*m + 3 = -7. Give j(m).
-3
Let d(m) = -m + 0*m**3 - m**3 + 2*m + 3*m**2. Let h = 1 + 2. Calculate d(h).
3
Let q(d) = -d**3 + d**3 - d**3 + 1 - 6*d**2 - 4*d. What is q(-5)?
-4
Let k be 7/7*7*-1. Let x(y) = -3*y**2 - y - 3. Let a(r) = -6*r**2 - 3*r - 7. Let p(t) = k*x(t) + 3*a(t). Calculate p(2).
8
Let s = -191 + 197. Let k(d) = -2*d + 2. Determine k(s).
-10
Let g(t) = -t**2 + 2*t - 5. Let n(b) = 2*b**2 - 2*b + 4. Let m(z) = 3*g(z) + 4*n(z). Determine m(2).
17
Let i(r) = 2*r + 3. Let c be (-2 - (-14)/(-2))*1 - -4. Determine i(c).
-7
Let f(b) = b - 3. Let x = 6 - -2. Give f(x).
5
Let h(n) = n**3 - 4*n**2 + 3*n + 3. Let u be h(3). Let w(j) be the third derivative of -2*j**2 + 0*j + 0 + 1/24*j**4 - 1/6*j**u + 1/15*j**5. What is w(1)?
4
Let g(o) = -o - 7. Suppose 3*m = -6 - 0. Let r be (m/(-5))/(4/120). Suppose 5 = -3*i + 5*c - 28, -